 7. What is s(12)?
-53
Let v(f) = -1283*f - 15397. Calculate v(-12).
-1
Let y(w) = -w**2 + 54*w - 115. Calculate y(8).
253
Let f(b) = -b**3 - 8*b**2 + 13*b + 64. Calculate f(-7).
-76
Let i(z) = -5*z**2 - 7*z + 32. Calculate i(-3).
8
Let y(s) = 5*s**2 + 30*s + 40. What is y(6)?
400
Let a(w) = -1669*w - 106802. Determine a(-64).
14
Let h(k) = k**3 + 21*k**2 + 11*k - 151. What is h(-20)?
29
Let f(r) = r**2 - 75*r + 240. Give f(73).
94
Let b(c) = -c**3 + 16*c**2 + 4*c - 47. Calculate b(16).
17
Let a(u) = 192*u - 4230. Calculate a(22).
-6
Let v(a) = -1142*a - 2252. Determine v(-2).
32
Let y(u) = u**2 - 48*u + 503. What is y(39)?
152
Let a(z) = 68*z - 6796. Determine a(100).
4
Let n(l) = -l**3 - 24*l**2 - 30*l - 1. Calculate n(-23).
160
Let z(r) = -68*r**2 + 171*r - 10. What is z(2)?
60
Let z(w) = 302*w**2 + 898*w + 3. Determine z(-3).
27
Let z(k) = -13*k - 377. Calculate z(-20).
-117
Let f(m) = -m**3 - 4*m**2 - 152*m - 296. Give f(-2).
0
Let j(d) = -2447*d + 39153. Give j(16).
1
Let f(d) = -43*d + 45. Calculate f(-1).
88
Let f(j) = 634*j + 99540. Give f(-157).
2
Let o(h) = 2*h**3 + 97*h**2 + 1174*h - 37. What is o(-25)?
-12
Let b(o) = 22*o + 42. Determine b(-12).
-222
Let x(w) = -w**3 - 5*w**2 + 93*w + 552. Give x(-7).
-1
Let z(i) = -3*i**2 - 53. Determine z(0).
-53
Let v(t) = -2*t**3 - 59*t**2 + 24*t - 197. Determine v(-30).
-17
Let m(b) = -4*b**3 + 170*b**2 - 247*b + 36. Determine m(41).
-5
Let z(u) = u**3 - 19*u**2 - 26*u - 303. Calculate z(21).
33
Let g(a) = a**3 - a**2 - 53*a - 16. Give g(8).
8
Let y(i) = -i**3 + 7*i**2 + 34*i + 3. Give y(-3).
-9
Let a(x) = -18*x**3 - 3*x**2 - 2*x. Calculate a(-1).
17
Let u(g) = g**3 + 17*g**2 - 109*g - 11. Give u(-22).
-33
Let q(z) = z**3 + 55*z**2 - 5*z - 296. Calculate q(-55).
-21
Let r(f) = -4*f**2 - 9*f + 20. Determine r(-12).
-448
Let k(n) = 736*n + 16196. Give k(-22).
4
Let r(x) = -105*x**2 - 5147*x - 117. Give r(-49).
-19
Let q(z) = 298*z - 929. What is q(3)?
-35
Let m(w) = -w**3 - 47*w**2 - 51*w - 219. What is m(-46)?
11
Let d(c) = 2*c**2 + 20*c + 55. Calculate d(-8).
23
Let a(g) = -g**3 - 3*g**2 - 3*g + 31. Determine a(3).
-32
Let t(v) = -57*v + 18. What is t(-6)?
360
Let a(u) = 2*u**3 - 258*u**2 + 273*u - 2172. Calculate a(128).
4
Let a(s) = -55*s - 420. What is a(-8)?
20
Let r(v) = -4*v**2 - 142*v - 59. What is r(-35)?
11
Let k(c) = -34*c**2 + 101*c - 59. Determine k(2).
7
Let f(c) = -16*c**2 + 32*c + 74. What is f(-3)?
-166
Let u(j) = j**3 + 10*j**2 - 14*j + 150. Determine u(-12).
30
Let k(i) = -2*i**3 - 78*i**2 - 143*i + 111. Give k(-37).
-74
Let i(u) = 2*u**2 - 17*u + 8. Calculate i(7).
-13
Let i(a) = -1196*a + 6755. Give i(6).
-421
Let v(b) = -209*b - 1462. Determine v(-7).
1
Let h(n) = 4*n + 237. What is h(-72)?
-51
Let w(x) = 2*x**3 + 20*x**2 - 19*x - 47. Determine w(2).
11
Let x(o) = 749*o + 6780. Give x(-9).
39
Let r(o) = -2*o**3 + 20*o**2 + 2*o - 1. Calculate r(10).
19
Let h(p) = -p**2 + 61*p + 1135. What is h(76)?
-5
Let h(o) = 181*o - 3271. Give h(18).
-13
Let o(g) = 2*g**3 + 16*g**2 - 67*g - 407. Calculate o(-9).
34
Let a(y) = -2*y**3 - 11*y**2 + 140*y - 63. Determine a(7).
-308
Let g(s) = 136*s - 1. Determine g(2).
271
Let t(a) = 10*a**2 - 291*a + 314. Give t(28).
6
Let w(a) = 3*a**3 + 11*a**2 + 2*a - 3. Give w(-5).
-113
Let h(g) = -g**3 + 13*g**2 + 24*g + 95. Give h(15).
5
Let k(p) = 12*p**3 - 516*p**2 - 3. What is k(43)?
-3
Let h(q) = -19*q**2 - 14*q + 13. What is h(1)?
-20
Let s(z) = -z**2 + 18*z + 412. Calculate s(-13).
9
Let l(h) = 166*h - 18091. What is l(109)?
3
Let y(r) = -7*r**2 + 3*r + 40. Give y(-6).
-230
Let h(b) = -26*b**2 - 2450*b - 562. Calculate h(-94).
2
Let g(c) = 1042*c + 35440. Calculate g(-34).
12
Let u(p) = p**3 - 6*p**2 + 17*p - 85. Give u(4).
-49
Let p(h) = -71*h - 845. Give p(-11).
-64
Let u(y) = 131*y + 14539. What is u(-111)?
-2
Let p(z) = 5340*z - 32010. Calculate p(6).
30
Let z(a) = 826*a - 13060. Calculate z(16).
156
Let u(z) = -z**3 - 34*z**2 + 25*z - 118. Calculate u(-35).
232
Let h(y) = -2*y**2 - 90*y - 519. Determine h(-38).
13
Let x(q) = 7*q + 106. Determine x(-16).
-6
Let u(b) = -b**2 - 81*b - 933. Determine u(-14).
5
Let n(p) = 2*p**2 - 915*p + 33773. Give n(417).
-4
Let a(k) = k**2 - 38*k - 4825. Calculate a(91).
-2
Let w(a) = a**3 + 5*a**2 - 41*a - 341. Give w(-9).
-296
Let w(s) = 230*s - 10624. Determine w(46).
-44
Let x(c) = -23*c**2 - 25*c + 1. Give x(-1).
3
Let m(x) = -71*x - 1708. Calculate m(-24).
-4
Let v(p) = 2*p**3 + 317*p**2 + 164*p + 946. Give v(-158).
-2
Let r(j) = -1127*j - 121. Calculate r(0).
-121
Let o(t) = -t**3 - 12*t**2 - 35*t + 12. What is o(-6)?
6
Let o(w) = 2*w**3 + 9*w**2 - 88*w - 243. Give o(-8).
13
Let u(g) = -5*g**2 + 17*g - 33. Determine u(4).
-45
Let n(j) = -3*j**3 - j**2 + 12*j + 12. Determine n(-1).
2
Let z(h) = -4*h**2 + 84*h - 292. Give z(18).
-76
Let f(i) = -3*i**2 - 36*i + 10. Determine f(-15).
-125
Let i(p) = p**3 + 2*p**2 + 2*p - 456. Calculate i(0).
-456
Let f(t) = t**2 + 6*t - 542. What is f(20)?
-22
Let r(c) = -c**3 - 36*c**2 + 404*c - 73. Determine r(-45).
-28
Let l(z) = z**2 + 10*z - 6. Determine l(-14).
50
Let m(k) = 26*k - 2387. What is m(92)?
5
Let j(c) = -c**3 + 62*c**2 + 128*c - 56. Calculate j(64).
-56
Let k(n) = n**3 - 40*n**2 - 172*n - 179. Give k(44).
-3
Let y(j) = -2*j**3 + 18*j**2 + 40*j - 1. Determine y(-2).
7
Let f(w) = w**3 + 33*w**2 - 4021*w + 156. What is f(49)?
9
Let p(q) = 81*q + 9797. Calculate p(-121).
-4
Let z(x) = 76*x - 81. Give z(2).
71
Let h(u) = -u**3 + 2*u**2 - 12*u + 71. Calculate h(6).
-145
Let r(s) = 2*s**3 - 70*s**2 - 14*s + 2818. What is r(34)?
30
Let c(p) = -792*p**2 + 53855*p + 57. Give c(68).
-11
Let t(l) = 31*l - 352. Determine t(11).
-11
Let p(l) = 2*l**3 + 93*l**2 + 39*l - 82. Determine p(-46).
240
Let u(l) = -2*l**3 - 5*l**2 + 4*l - 37. Calculate u(4).
-229
Let v(c) = 19*c**2 + 456*c - 13. Determine v(-24).
-13
Let b(f) = 3*f**3 + 12*f**2 - 13*f. What is b(1)?
2
Let t(r) = -r**3 + 21*r**2 - 55*r + 30. Give t(18).
12
Let u(g) = -3*g**2 + 108*g - 208. Calculate u(34).
-4
Let n(u) = -3*u**3 + 9*u**2 + 22*u + 4. Give n(-4).
252
Let t(i) = i**3 - 11*i**2 + 5*i + 12. Give t(8).
-140
Let v(g) = 3*g**3 + 90*g**2 + g + 56. What is v(-30)?
26
Let a(n) = -1482*n - 26674. Give a(-18).
2
Let c(z) = -253*z - 1652. Give c(-6).
-134
Let s(m) = m**3 + 21*m**2 + 37*m + 370. What is s(-21)?
-407
Let l(j) = 2*j**2 - 51*j + 267. What is l(18)?
-3
Let d(v) = -6*v - 111. Determine d(-21).
15
Let c(g) = -124*g - 2868. Calculate c(-19).
-512
Let d(o) = -o**3 - 3*o**2 - 144*o - 446. Give d(-3).
-14
Let n(j) = -7*j - 77. Give n(-12).
7
Let x(k) = -k**3 - 21*k**2 - 81*k + 27. Calculate x(-16).
43
Let h(q) = -q**3 + 145*q**2 - 957*q - 1227. Give h(138).
15
Let w(y) = -y**3 - 12*y**2 + 54*y - 29. Give w(-16).
131
Let a(f) = -17*f - 75. Determine a(-5).
10
Let n(h) = -h**3 + 208*h**2 - 5485*h - 54. Give n(31).
8
Let c(q) = 36*q**3 + q**2 + 2*q - 1. Calculate c(1).
38
Let f(h) = 57*h - 4274. Calculate f(75).
1
Let p(j) = -47*j**2 + 2125*j - 455. What is p(45)?
-5
Let o(p) = -9*p - 7. What is o(-7)?
56
Let w(i) = -58*i - 2876. What is w(-52)?
140
Let f(u) = u**3 - 50*u**2 - 342*u + 17091. Give f(50).
-9
Let f(n) = 40*n + 19. Calculate f(1).
59
Let f(d) = d**3 - 20*d**2 + 46*d + 69. What is f(17)?
-16
Let t(y) = -2*y**3 - 50*y**2 - 43*y + 117. Calculate t(-24).
-3
Let i(l) = 16*l**2 - 18*l - 57. Give i(-3).
141
Let c(z) = -4*z**2 - 108*z + 444. What is c(4)?
-52
Let q(c) = -c**2 - 306*c + 1554. Determine q(5).
-1
Let v(f) = -2*f**2 + 309*f - 10084. What is v(47)?
21
Let y(h) = -8*h - 76. Give y(-7).
-20
Let n(i) = 36*i - 8913. Give n(249).
51
Let f(a) = 60*a**2 + 374*a + 18. What is f(-6)?
-66
Let p(j) = -17*j - 61. Determine p(26).
-503
Let i(f) = -790*f + 9489. What is i(12)?
9
Let j(d) = -d**3 + 5*d**2 - 397*d + 3405. Calculate j(8).
37
Let n(g) = g**3 + 15*g**2 + 13*g - 14. Determine n(-14).
0
Let w(g) = -34*g**2 + 179*g - 7. Give w(5).
38
Let s(h) = -h**3 + 38*h**2 - 134*h - 12. Calculate s(4).
-4
Let t(g) = g**3 - 59*g**2 + 48*g + 390. What is t(58)?
-190
Let v(a) = -55*a + 108. Give v(1).
53
Let g(l) = -l**2 - 9*l + 203. Determine g(10).
13
Let d(r) = -3*r**2 + 40*r + 12. Give d(11).
89
Let c(j) = -15*j + 329. What is c(29)?
-106
Let p(z) = 8*z**3 - 231*z**2 - 269*z - 30. Give p(30).
0
Let 